+ 44. Calculate the remainder when 3414 is divided by a(4).
26
Let t = -4 - -109. What is the remainder when t is divided by 5005/420 - (-5)/60?
9
Let a = 4992 + -4975. What is the remainder when a is divided by 6?
5
Suppose -1 - 11 = 2*a. Let z be -2 + a/12*0/(-2). Calculate the remainder when 18 + (z + 1)*(7 + -5) is divided by 5.
1
What is the remainder when -36 - 1526/(-42) - (-3386)/3 is divided by 375?
4
Suppose 50 = 2*z - 0*o + 3*o, -z - 3*o + 31 = 0. Let r = 21 + z. What is the remainder when r is divided by ((-15)/12)/(1 + (-13)/12)?
10
Suppose -5*d + 39*v + 878 = 40*v, -5*d - 2*v + 871 = 0. What is the remainder when 1235 is divided by d?
173
Let u(t) = -66*t + 352. Let p(m) = 33*m - 174. Let f(s) = 9*p(s) + 4*u(s). Calculate the remainder when f(9) is divided by 49.
41
Suppose 3*k - 27 = -3*n, -54*k + 49*k = 2*n + 6. Calculate the remainder when 156 is divided by n.
3
Suppose -10*b + 19379 = 18429. Calculate the remainder when b is divided by 50.
45
Suppose 0 = 5*i + 342 + 208. Let r(b) = -7*b - 35. Calculate the remainder when (i/20)/(1/(-10)) is divided by r(-9).
27
Suppose 4*c - 128*j = -130*j + 40, j + 40 = 3*c. What is the remainder when 113 is divided by c?
5
Suppose -w = -4*m + w - 362, -m - 3*w = 94. Let v = -68 - m. What is the remainder when v is divided by 12?
11
Let z = 43 - -276. Let l = z - 185. Suppose 2*v + 42 = l. What is the remainder when 91 is divided by v?
45
Let o(p) = -p**3 - 3*p**2 - p - 3. Let f be o(3). Let i = 18 - f. Let t = 103 - i. Calculate the remainder when t is divided by 17.
8
Let f = -4991 - -5056. What is the remainder when 709 is divided by f?
59
What is the remainder when 473 is divided by 557/5 + (-672)/1680?
29
Let y be 740/(-7) - (45/(-63) - -1). Let b be (-22)/(-11) - (y - -2)*2. Suppose -10*c = -8*c - b. Calculate the remainder when c is divided by 18.
15
Let i(n) = 2*n**3 - 6*n**2 - 10*n + 27. Let a be i(5). Suppose -v = 3*u - a, 385 = 3*v + 2*v + 3*u. What is the remainder when v is divided by 35?
7
Let u = -2676 + 3730. Calculate the remainder when u is divided by 30.
4
Let a = 7047 - 7021. Calculate the remainder when 411 is divided by a.
21
Calculate the remainder when 974 is divided by (((-315)/84)/(-15))/(0 - (-1)/332).
61
Let j = 36277 + -34093. What is the remainder when j is divided by 95?
94
Let m(p) = 3*p**3 - 19*p**2 + 33*p + 10. Calculate the remainder when m(12) is divided by 102.
100
Let z(f) = f**2 + f + 32. Let w = 135 - -237. Suppose 4*u - 3*l - 384 = -2*l, -4*u + w = 2*l. What is the remainder when u is divided by z(0)?
31
Let f(t) = 2*t - 7*t - 13 + 6*t + 3*t**2. Let q be f(4). Suppose 0 = -2*y + 5*z + q - 10, 0 = -3*y + 5*z + 46. Calculate the remainder when 49 is divided by y.
15
Let n be (1 + 0)*(6 + -2). Let l be 48/15*2 - n/10. Calculate the remainder when 371/l - (-4)/24 is divided by 21.
20
Let n = 14159 + -13912. Calculate the remainder when n is divided by 131.
116
Let c(k) = -10*k - 6 - 3 - 1. Suppose -19*m + 3*n = -20*m - 15, m + 5*n + 21 = 0. Calculate the remainder when c(m) is divided by 18.
14
Suppose 182 = 16*x - 74. Calculate the remainder when 36*2*38/x is divided by 36.
27
Suppose -2*c + 26 = 3*y, -2*c + 11 = 2*y - 7*c. Let h be 2*(-2)/y*2. Calculate the remainder when 26 is divided by ((-85)/(-10) - -2) + h/2.
6
Suppose 146*g = 130*g + 3584. What is the remainder when g is divided by 88?
48
Suppose 4868 = 95*r - 4917. What is the remainder when r is divided by 62?
41
Suppose 3*q = 21*q - 396. Suppose 0 = -5*n - 138 - 7. Calculate the remainder when 88 is divided by n/(-2) - (-11)/q.
13
Let z(o) = 466*o - 31. Let h be z(3). Suppose -21*x - 338 + h = 0. What is the remainder when 191 is divided by x?
44
Let r = 7435 - 7353. What is the remainder when 1965 is divided by r?
79
Suppose -8602 = -60*v + 43*v. What is the remainder when (v/184)/(1/16) is divided by 43?
1
Suppose -92*l = -188*l + 85*l + 264. What is the remainder when 1243 is divided by l?
19
Suppose 2*y - 2 = 6, 5*s - 41 = -4*y. Suppose -4*a = -3*n + 399, -s*n + 673 = -0*n - 4*a. Calculate the remainder when n is divided by 46.
45
What is the remainder when 325 is divided by 7 - 1894/(-10) - (144/(-40) + 5)?
130
Let h(v) = 5*v - 8. Let c be h(17). Let x = 103 - c. What is the remainder when 127 is divided by x?
23
Suppose -3*y + 3567 = 3*z, 4*y = -2*z + y + 2371. What is the remainder when 1233 is divided by z?
37
Let z be 7 - (0 + 2)*2. Suppose 0 = 2*f - b + 5*b + 62, -105 = 3*f + z*b. Let l = 96 + f. What is the remainder when l is divided by 20?
17
Suppose 114*n = 110*n + 5*d + 106, 3*n + 2*d - 68 = 0. Calculate the remainder when 523 is divided by n.
19
Suppose 4*d + 20 = -4*x, -3*x - 5*d + 3 = -5*x. Calculate the remainder when (x - -3)/((-4)/1300) is divided by 41.
38
Let m = -10517 + 10572. Let l(i) = 3*i - 5. Let u(j) = -4*j + 8. Let n(k) = -8*l(k) - 5*u(k). Calculate the remainder when m is divided by n(-5).
15
Let l(y) = 24*y - 38. Suppose -2*o - 203 = -5*r, -3 = -4*o + o. Calculate the remainder when l(8) is divided by r.
31
Suppose 5*l - 31 - 48 = -3*g, 0 = 5*l - 2*g - 89. Suppose 168 = p - 5*a, 0*a - 592 = -4*p + 4*a. Let x = p - 95. What is the remainder when x is divided by l?
14
Let k be 2 + 6/10 + 102/30. Let q(f) = -f**2 + 11*f - 17. Suppose 2*y - 40 - 424 = 0. What is the remainder when y is divided by q(k)?
11
Let a(j) = -3*j - 154. Let q(z) = -2*z - 307. Let s(c) = -7*a(c) + 3*q(c). What is the remainder when 84 is divided by s(-9)?
18
Let p(q) = -14*q - 7. Let m be p(-6). Suppose -4*i + m = 5*f, 5*i = 2*f + 50 + 71. Let s = -48657 - -48702. What is the remainder when s is divided by i?
22
Let t = 31 + -9. Calculate the remainder when (-96 + 10)*(-3 + 2) is divided by t.
20
Let a(k) = k**2 - 3*k - 4. Suppose -4*m - 5*b = -17, -2*b + 3*b + 5 = 2*m. Suppose -m*q = 6*q - 225. Calculate the remainder when q is divided by a(-3).
11
Suppose 103*o = -541*o + 1095377 + 304035. Calculate the remainder when o is divided by 68.
65
Suppose -4*l + c + 19 = 0, 3*l - 4*c - 17 + 6 = 0. Let x be 146/10 + 0 + 6/15. Let f = x + 14. Calculate the remainder when f is divided by l.
4
Let a = 5267 + -4722. Calculate the remainder when a is divided by 79.
71
Let j = 358 + -226. Calculate the remainder when j is divided by 58.
16
Let i(m) = 9*m + 117. Let g be i(-13). Suppose -4*x + 11 = 2*u - 11, -5*x + u + 24 = g. What is the remainder when 88 is divided by x?
3
What is the remainder when (2/((-8)/(-68)))/(8*8/18688) is divided by 27?
23
Suppose -2*r = 25*r - 17469. Suppose -l + 32*f = 28*f - 220, -r = -3*l - f. What is the remainder when l is divided by 58?
42
Suppose -3*l - 4*c - 1 = -5*c, 5*c = -l + 5. Let k(x) = x**2 - 11*x + 4 + 4 + l. What is the remainder when k(11) is divided by 6?
2
Let y = 234 - 182. Suppose -5*c + y = n, 4*c = 4 + 4. Calculate the remainder when 167 is divided by n.
41
Suppose 0 = 4*o - 2*u - 4232, -3*u = 5*o + u - 5277. Calculate the remainder when o is divided by 33.
1
Suppose 10050 = -3*d + 18*d. What is the remainder when d is divided by 93?
19
Suppose 5*l - 2*f - 79 = 0, -3*f - 274 = -268. Calculate the remainder when 1108 is divided by l.
13
Suppose 0*a = 5*a - 105. Let b = -69 + 87. Suppose a*o - b = 18*o. What is the remainder when 30 is divided by o?
0
Let a = -11 - -26. Let d = 118 - 114. Suppose 5 = -d*f + 117. What is the remainder when f is divided by a?
13
Let n = 425 + -158. Let o(p) = -3*p - 25. Calculate the remainder when (2/3)/(2/n) is divided by o(-16).
20
Suppose 0 = 3*c - 15 - 30. Let v(n) = -n**2 + 16*n + 8. Let g be v(c). Suppose -2*k = -11 - g. What is the remainder when 66 is divided by k?
15
Let p = -16007 + 16019. What is the remainder when 3526 is divided by p?
10
Let r = -156 - -174. Suppose -r*b = -20*b + 102. Calculate the remainder when b is divided by 27.
24
Suppose -38*i = 10*i - 288. Suppose 5*f - f + w - 61 = 0, -65 = -5*f - 5*w. Calculate the remainder when f is divided by i.
4
Let q(s) = -6*s**3 + s**2 + s - 1. Let n be q(-1). Suppose -3*z + 456 = n*k, -2*k = -z - 4*z + 729. Calculate the remainder when 153 is divided by 2/(6/z) + 3.
49
Suppose 0 = 4*o - 2*i + i + 13, 5*i = o + 8. What is the remainder when (-4)/(-12) - (383/o + -1) is divided by 13?
12
Let v(u) = 7*u + 14. Let z = 2474 + -2434. Calculate the remainder wh